{"id":9,"date":"2022-04-06T03:49:33","date_gmt":"2022-04-06T03:49:33","guid":{"rendered":"https:\/\/grossheins.de\/?page_id=9"},"modified":"2026-03-26T14:13:33","modified_gmt":"2026-03-26T14:13:33","slug":"impressum","status":"publish","type":"page","link":"https:\/\/grossheins.de\/?page_id=9","title":{"rendered":"Impressum"},"content":{"rendered":"\n<p><\/p>\n\n\n\n<h2 class=\"wp-block-heading\">Angaben gem\u00e4\u00df \u00a7 5 TMG<\/h2>\n\n\n\n<p>E Kr\u00fctzfeldt<\/p>\n\n\n\n<p>Kohlh\u00f6fe 26<\/p>\n\n\n\n<p>27308 Kirchlinteln<\/p>\n\n\n\n<div class=\"wp-block-stackable-heading stk-block-heading stk-block-heading--v2 stk-block stk-4561022\" id=\"kontakt\" data-block-id=\"4561022\"><h3 class=\"stk-block-heading__text stk-block-heading--use-theme-margins\">Kontakt<\/h3><\/div>\n\n\n\n<p>E-Mail: hi&nbsp;<img loading=\"lazy\" decoding=\"async\" width=\"13\" height=\"15\" srcset=\"https:\/\/medicalfx.de\/wp-content\/uploads\/2021\/08\/dsf.gif 30w, https:\/\/medicalfx.de\/wp-content\/uploads\/2021\/08\/dsf-11x12.gif 11w\" src=\"https:\/\/medicalfx.de\/wp-content\/uploads\/2021\/08\/dsf.gif\" alt=\"\">&nbsp;grossheins.de<\/p>\n\n\n\n<p><\/p>\n\n\n\n<div class=\"wp-block-stackable-heading stk-block-heading stk-block-heading--v2 stk-block stk-0557d57\" id=\"redaktionell-verantwortlich\" data-block-id=\"0557d57\"><h3 class=\"stk-block-heading__text stk-block-heading--use-theme-margins\">Redaktionell verantwortlich<\/h3><\/div>\n\n\n\n<p>E Kr\u00fctzfeldt<\/p>\n\n\n\n<p>Kohlh\u00f6fe 26<\/p>\n\n\n\n<p>27308 Kirchlinteln<\/p>\n","protected":false},"excerpt":{"rendered":"<p>Angaben gem\u00e4\u00df \u00a7 5 TMG E Kr\u00fctzfeldt Kohlh\u00f6fe 26 27308 Kirchlinteln Kontakt E-Mail: hi&nbsp;&nbsp;grossheins.de Redaktionell verantwortlich E Kr\u00fctzfeldt Kohlh\u00f6fe 26 27308 Kirchlinteln<\/p>\n","protected":false},"author":1,"featured_media":0,"parent":0,"menu_order":0,"comment_status":"closed","ping_status":"closed","template":"","meta":{"footnotes":""},"class_list":["post-9","page","type-page","status-publish","hentry","entry"],"yoast_head":"<!-- This site is optimized with the Yoast SEO plugin v27.2 - https:\/\/yoast.com\/product\/yoast-seo-wordpress\/ -->\n<title>Impressum - Gro\u00df Heins<\/title>\n<meta name=\"robots\" content=\"index, follow, max-snippet:-1, max-image-preview:large, max-video-preview:-1\" \/>\n<link rel=\"canonical\" href=\"https:\/\/grossheins.de\/?page_id=9\" \/>\n<meta property=\"og:locale\" content=\"de_DE\" \/>\n<meta property=\"og:type\" content=\"article\" \/>\n<meta property=\"og:title\" content=\"Impressum - Gro\u00df Heins\" \/>\n<meta property=\"og:description\" content=\"Angaben gem\u00e4\u00df \u00a7 5 TMG E Kr\u00fctzfeldt Kohlh\u00f6fe 26 27308 Kirchlinteln Kontakt E-Mail: hi&nbsp;&nbsp;grossheins.de Redaktionell verantwortlich E Kr\u00fctzfeldt Kohlh\u00f6fe 26 27308 Kirchlinteln\" \/>\n<meta property=\"og:url\" content=\"https:\/\/grossheins.de\/?page_id=9\" \/>\n<meta property=\"og:site_name\" content=\"Gro\u00df Heins\" \/>\n<meta property=\"article:modified_time\" content=\"2026-03-26T14:13:33+00:00\" \/>\n<meta property=\"og:image\" content=\"https:\/\/medicalfx.de\/wp-content\/uploads\/2021\/08\/dsf.gif\" \/>\n<meta name=\"twitter:card\" content=\"summary_large_image\" \/>\n<meta name=\"twitter:label1\" content=\"Gesch\u00e4tzte Lesezeit\" \/>\n\t<meta name=\"twitter:data1\" content=\"1\u00a0Minute\" \/>\n<script type=\"application\/ld+json\" class=\"yoast-schema-graph\">{\"@context\":\"https:\/\/schema.org\",\"@graph\":[{\"@type\":\"WebPage\",\"@id\":\"https:\/\/grossheins.de\/?page_id=9\",\"url\":\"https:\/\/grossheins.de\/?page_id=9\",\"name\":\"Impressum - Gro\u00df Heins\",\"isPartOf\":{\"@id\":\"https:\/\/grossheins.de\/#website\"},\"primaryImageOfPage\":{\"@id\":\"https:\/\/grossheins.de\/?page_id=9#primaryimage\"},\"image\":{\"@id\":\"https:\/\/grossheins.de\/?page_id=9#primaryimage\"},\"thumbnailUrl\":\"https:\/\/medicalfx.de\/wp-content\/uploads\/2021\/08\/dsf.gif\",\"datePublished\":\"2022-04-06T03:49:33+00:00\",\"dateModified\":\"2026-03-26T14:13:33+00:00\",\"breadcrumb\":{\"@id\":\"https:\/\/grossheins.de\/?page_id=9#breadcrumb\"},\"inLanguage\":\"de\",\"potentialAction\":[{\"@type\":\"ReadAction\",\"target\":[\"https:\/\/grossheins.de\/?page_id=9\"]}]},{\"@type\":\"ImageObject\",\"inLanguage\":\"de\",\"@id\":\"https:\/\/grossheins.de\/?page_id=9#primaryimage\",\"url\":\"https:\/\/medicalfx.de\/wp-content\/uploads\/2021\/08\/dsf.gif\",\"contentUrl\":\"https:\/\/medicalfx.de\/wp-content\/uploads\/2021\/08\/dsf.gif\"},{\"@type\":\"BreadcrumbList\",\"@id\":\"https:\/\/grossheins.de\/?page_id=9#breadcrumb\",\"itemListElement\":[{\"@type\":\"ListItem\",\"position\":1,\"name\":\"Startseite\",\"item\":\"https:\/\/grossheins.de\/\"},{\"@type\":\"ListItem\",\"position\":2,\"name\":\"Impressum\"}]},{\"@type\":\"WebSite\",\"@id\":\"https:\/\/grossheins.de\/#website\",\"url\":\"https:\/\/grossheins.de\/\",\"name\":\"Gro\u00df Heins\",\"description\":\"\",\"publisher\":{\"@id\":\"https:\/\/grossheins.de\/#organization\"},\"potentialAction\":[{\"@type\":\"SearchAction\",\"target\":{\"@type\":\"EntryPoint\",\"urlTemplate\":\"https:\/\/grossheins.de\/?s={search_term_string}\"},\"query-input\":{\"@type\":\"PropertyValueSpecification\",\"valueRequired\":true,\"valueName\":\"search_term_string\"}}],\"inLanguage\":\"de\"},{\"@type\":\"Organization\",\"@id\":\"https:\/\/grossheins.de\/#organization\",\"name\":\"Gro\u00df Heins\",\"url\":\"https:\/\/grossheins.de\/\",\"logo\":{\"@type\":\"ImageObject\",\"inLanguage\":\"de\",\"@id\":\"https:\/\/grossheins.de\/#\/schema\/logo\/image\/\",\"url\":\"https:\/\/grossheins.de\/wp-content\/uploads\/2025\/02\/cropped-grossheins-logo-2.png\",\"contentUrl\":\"https:\/\/grossheins.de\/wp-content\/uploads\/2025\/02\/cropped-grossheins-logo-2.png\",\"width\":1350,\"height\":826,\"caption\":\"Gro\u00df Heins\"},\"image\":{\"@id\":\"https:\/\/grossheins.de\/#\/schema\/logo\/image\/\"}}]}<\/script>\n<!-- \/ Yoast SEO plugin. -->","yoast_head_json":{"title":"Impressum - Gro\u00df Heins","robots":{"index":"index","follow":"follow","max-snippet":"max-snippet:-1","max-image-preview":"max-image-preview:large","max-video-preview":"max-video-preview:-1"},"canonical":"https:\/\/grossheins.de\/?page_id=9","og_locale":"de_DE","og_type":"article","og_title":"Impressum - Gro\u00df Heins","og_description":"Angaben gem\u00e4\u00df \u00a7 5 TMG E Kr\u00fctzfeldt Kohlh\u00f6fe 26 27308 Kirchlinteln Kontakt E-Mail: hi&nbsp;&nbsp;grossheins.de Redaktionell verantwortlich E Kr\u00fctzfeldt Kohlh\u00f6fe 26 27308 Kirchlinteln","og_url":"https:\/\/grossheins.de\/?page_id=9","og_site_name":"Gro\u00df Heins","article_modified_time":"2026-03-26T14:13:33+00:00","og_image":[{"url":"https:\/\/medicalfx.de\/wp-content\/uploads\/2021\/08\/dsf.gif","type":"","width":"","height":""}],"twitter_card":"summary_large_image","twitter_misc":{"Gesch\u00e4tzte Lesezeit":"1\u00a0Minute"},"schema":{"@context":"https:\/\/schema.org","@graph":[{"@type":"WebPage","@id":"https:\/\/grossheins.de\/?page_id=9","url":"https:\/\/grossheins.de\/?page_id=9","name":"Impressum - Gro\u00df Heins","isPartOf":{"@id":"https:\/\/grossheins.de\/#website"},"primaryImageOfPage":{"@id":"https:\/\/grossheins.de\/?page_id=9#primaryimage"},"image":{"@id":"https:\/\/grossheins.de\/?page_id=9#primaryimage"},"thumbnailUrl":"https:\/\/medicalfx.de\/wp-content\/uploads\/2021\/08\/dsf.gif","datePublished":"2022-04-06T03:49:33+00:00","dateModified":"2026-03-26T14:13:33+00:00","breadcrumb":{"@id":"https:\/\/grossheins.de\/?page_id=9#breadcrumb"},"inLanguage":"de","potentialAction":[{"@type":"ReadAction","target":["https:\/\/grossheins.de\/?page_id=9"]}]},{"@type":"ImageObject","inLanguage":"de","@id":"https:\/\/grossheins.de\/?page_id=9#primaryimage","url":"https:\/\/medicalfx.de\/wp-content\/uploads\/2021\/08\/dsf.gif","contentUrl":"https:\/\/medicalfx.de\/wp-content\/uploads\/2021\/08\/dsf.gif"},{"@type":"BreadcrumbList","@id":"https:\/\/grossheins.de\/?page_id=9#breadcrumb","itemListElement":[{"@type":"ListItem","position":1,"name":"Startseite","item":"https:\/\/grossheins.de\/"},{"@type":"ListItem","position":2,"name":"Impressum"}]},{"@type":"WebSite","@id":"https:\/\/grossheins.de\/#website","url":"https:\/\/grossheins.de\/","name":"Gro\u00df Heins","description":"","publisher":{"@id":"https:\/\/grossheins.de\/#organization"},"potentialAction":[{"@type":"SearchAction","target":{"@type":"EntryPoint","urlTemplate":"https:\/\/grossheins.de\/?s={search_term_string}"},"query-input":{"@type":"PropertyValueSpecification","valueRequired":true,"valueName":"search_term_string"}}],"inLanguage":"de"},{"@type":"Organization","@id":"https:\/\/grossheins.de\/#organization","name":"Gro\u00df Heins","url":"https:\/\/grossheins.de\/","logo":{"@type":"ImageObject","inLanguage":"de","@id":"https:\/\/grossheins.de\/#\/schema\/logo\/image\/","url":"https:\/\/grossheins.de\/wp-content\/uploads\/2025\/02\/cropped-grossheins-logo-2.png","contentUrl":"https:\/\/grossheins.de\/wp-content\/uploads\/2025\/02\/cropped-grossheins-logo-2.png","width":1350,"height":826,"caption":"Gro\u00df Heins"},"image":{"@id":"https:\/\/grossheins.de\/#\/schema\/logo\/image\/"}}]}},"_links":{"self":[{"href":"https:\/\/grossheins.de\/index.php?rest_route=\/wp\/v2\/pages\/9","targetHints":{"allow":["GET"]}}],"collection":[{"href":"https:\/\/grossheins.de\/index.php?rest_route=\/wp\/v2\/pages"}],"about":[{"href":"https:\/\/grossheins.de\/index.php?rest_route=\/wp\/v2\/types\/page"}],"author":[{"embeddable":true,"href":"https:\/\/grossheins.de\/index.php?rest_route=\/wp\/v2\/users\/1"}],"replies":[{"embeddable":true,"href":"https:\/\/grossheins.de\/index.php?rest_route=%2Fwp%2Fv2%2Fcomments&post=9"}],"version-history":[{"count":9,"href":"https:\/\/grossheins.de\/index.php?rest_route=\/wp\/v2\/pages\/9\/revisions"}],"predecessor-version":[{"id":868,"href":"https:\/\/grossheins.de\/index.php?rest_route=\/wp\/v2\/pages\/9\/revisions\/868"}],"wp:attachment":[{"href":"https:\/\/grossheins.de\/index.php?rest_route=%2Fwp%2Fv2%2Fmedia&parent=9"}],"curies":[{"name":"wp","href":"https:\/\/api.w.org\/{rel}","templated":true}]}}